z**2 - 4*z + 7. Calculate i(1).
29
Let a(o) = -o**3 + 12*o**2 - 36*o + 4. Determine a(5).
-1
Let m(p) = 37*p + 1. Calculate m(2).
75
Let z(t) = -8*t**2 + 5*t - 2. Calculate z(1).
-5
Let f(m) = m - 16. Calculate f(11).
-5
Let z(j) = 15*j + 9. What is z(-6)?
-81
Let r(i) = 6*i + 4. Calculate r(3).
22
Let x(q) = -6*q**3 + q**2 + 18*q + 17. What is x(-1)?
6
Let o(p) = p**3 - 2*p**2 + p - 1. Determine o(3).
11
Let p(s) = -s**3 - 11*s**2 - 12*s - 8. Determine p(-10).
12
Let q(z) = -z**2 + 7*z - 8. Give q(7).
-8
Let g(m) = m**3 + m**2 - 12*m + 17. Determine g(2).
5
Let c(a) = -a**2 - 5*a + 5. What is c(-9)?
-31
Let w(k) = 33*k - 113. What is w(6)?
85
Let k(j) = -2*j**2 - 39*j + 18. What is k(-20)?
-2
Let t(v) = -2*v - 22. What is t(-8)?
-6
Let q(t) = -11*t + 39. What is q(11)?
-82
Let l(p) = 2*p**2 + 27*p + 77. Determine l(-7).
-14
Let p(l) = 4*l + 4. What is p(-3)?
-8
Let k(x) = x + 5. Calculate k(-8).
-3
Let h(k) = -15*k + 12. What is h(-6)?
102
Let d(x) = 4*x**3 + 68*x**2 - 2. Calculate d(-17).
-2
Let j(k) = 6*k - 2. Calculate j(3).
16
Let t(c) = 2*c + 3. Calculate t(11).
25
Let k(p) = -p**3 - 8*p**2 - 4*p - 13. Give k(-8).
19
Let p(i) = -4*i - 33. What is p(-11)?
11
Let t(m) = -2*m**2 + 32*m + 6. Determine t(16).
6
Let y(o) = -o**3 - o + 1. Give y(2).
-9
Let u(t) = 40*t + 4. What is u(-3)?
-116
Let p(t) = -28*t**3 + 2*t + 2. Determine p(-1).
28
Let a(k) = -2*k + 42. Give a(18).
6
Let a(n) = -13*n - 151. What is a(-9)?
-34
Let f(g) = g**3 - 5*g**2 - 6*g + 3. Determine f(6).
3
Let g(x) = -x**3 + 4*x**2 - 7*x + 5. Calculate g(4).
-23
Let w(c) = -12*c + 13. Determine w(4).
-35
Let j(t) = -4*t + 31. Give j(8).
-1
Let k(c) = 9*c - 269. Determine k(30).
1
Let y(q) = 7*q**2 + q + 5. What is y(-2)?
31
Let i(x) = 8*x + 28. What is i(-4)?
-4
Let x(g) = 115*g + 128. Calculate x(-1).
13
Let z(v) = 13*v**2 + 2*v - 2. Determine z(2).
54
Let d(f) = -165*f**3 - 1. What is d(1)?
-166
Let k(d) = 9*d**2 + 3*d - 3. Determine k(2).
39
Let s(h) = -h + 5. Determine s(8).
-3
Let l(u) = -16*u**2 - 3*u + 1. Give l(2).
-69
Let n(z) = 24*z - 25. Calculate n(-5).
-145
Let a(t) = 10*t**2 + 1. Determine a(-1).
11
Let z(s) = -3*s - 32. Calculate z(-13).
7
Let g(u) = u**2 + 8*u - 3. What is g(-9)?
6
Let v(s) = -s**3 - 8*s**2 + 9*s + 6. What is v(-9)?
6
Let a(q) = -2*q**2 - q + 14. Give a(0).
14
Let g(j) = -2*j**2 + 15*j + 4. What is g(5)?
29
Let b(l) = 9*l**2 - 154*l + 22. Determine b(17).
5
Let d(v) = v**2 + 22*v + 12. Determine d(-9).
-105
Let v(c) = -3*c - 23. Determine v(-6).
-5
Let k(u) = 40*u**2 + 4*u - 1. Determine k(-1).
35
Let a(h) = h**2 - 4*h. Calculate a(5).
5
Let c(d) = 3*d - 4. What is c(-4)?
-16
Let c(r) = -r**3 + 8*r**2 + 8*r + 22. Calculate c(9).
13
Let l(u) = -u - 24. Determine l(-15).
-9
Let s(k) = -7*k + 113. What is s(15)?
8
Let l(c) = 6*c**2 + 2*c - 2. Calculate l(1).
6
Let b(u) = -u + 1. What is b(-3)?
4
Let p(l) = 10*l. Calculate p(0).
0
Let a(o) = -2*o**2 - 5*o + 4. Calculate a(-4).
-8
Let k(f) = -f**3 + 13*f**2 + 32*f - 29. Determine k(15).
1
Let n(d) = d**3 + 2*d**2 - 4*d - 9. Determine n(-3).
-6
Let v(f) = 6*f**2 + 5*f - 4. Determine v(-4).
72
Let w(h) = -15*h - 74. Determine w(-8).
46
Let c(g) = g**2 + 13*g - 25. What is c(-18)?
65
Let o(i) = i**2 + 3*i + 7. Determine o(-3).
7
Let n(a) = -a**3 + 9*a**2 - 11*a. What is n(7)?
21
Let s(y) = y**2 + 14*y + 6. Give s(-13).
-7
Let u(k) = k**3 + 10*k**2 + 20*k + 96. What is u(-9)?
-3
Let a(j) = j**3 - 14*j**2 + 16*j - 31. What is a(13)?
8
Let b(h) = 3*h**3 - 17*h**2 + 19*h - 157. Give b(6).
-7
Let v(p) = p**3 + 7*p**2 + 8*p - 1. Give v(-6).
-13
Let s(x) = -x**3 - 5*x**2 + 8*x - 4. Determine s(-6).
-16
Let r(q) = -21*q + 132. Calculate r(6).
6
Let r(k) = -2*k - 12. Determine r(-4).
-4
Let c(t) = -t**2 + 4*t + 6. What is c(7)?
-15
Let a(r) = -2*r**3 - 23*r**2 - 7*r - 4. Give a(-11).
-48
Let n(p) = 3*p**2 - 3*p + 5. Give n(1).
5
Let l(x) = 3*x**2 + 15*x + 6. What is l(-5)?
6
Let z(g) = -g**3 + 11*g**2 - 14*g + 48. Give z(10).
8
Let i(k) = 5*k**3 - 2*k**2 - 2*k - 1. Determine i(-1).
-6
Let v(m) = 2*m**3 - 13*m**2 + 8*m - 14. Calculate v(6).
-2
Let v(d) = -d**3 - 18*d**2 - 33*d - 7. What is v(-16)?
9
Let p(l) = l - 22. What is p(9)?
-13
Let l(w) = -4*w + 18. Determine l(4).
2
Let o(i) = i**3 - i**2 + 1. What is o(-2)?
-11
Let k(v) = 13*v + 67. Determine k(-5).
2
Let a(z) = -4*z + 6. What is a(-7)?
34
Let f(j) = j**3 + 2*j**2 - 27*j - 8. Determine f(-6).
10
Let x(m) = -5*m**2 + 4. Determine x(-2).
-16
Let f(x) = 17*x + 1. What is f(-2)?
-33
Let x(l) = 58*l - 1109. Calculate x(19).
-7
Let m(v) = -2*v**2 - 92*v - 335. Give m(-42).
1
Let v(f) = 3*f**2 + 3*f - 3. What is v(-3)?
15
Let h(k) = -k**2 - k + 22. Give h(-5).
2
Let y(l) = -6*l - 134. Determine y(-21).
-8
Let q(z) = 51*z - 4. What is q(2)?
98
Let l(k) = k**2 + 39*k + 263. Determine l(-30).
-7
Let j(o) = o**3 - 12*o**2 - 2*o + 7. What is j(12)?
-17
Let y(w) = -2*w + 18. Calculate y(12).
-6
Let g(d) = 3*d**2 - 2*d + 5. What is g(4)?
45
Let f(s) = -s**3 + 2*s**2 + s - 2. Give f(2).
0
Let s(h) = 19*h - 113. Give s(5).
-18
Let z(o) = o**3 + 10*o**2 - 3*o - 27. What is z(-10)?
3
Let h(t) = -t**3 + 3*t**2 + 2*t + 4. Give h(4).
-4
Let j(g) = 2*g**2 - 21*g + 52. Calculate j(4).
0
Let r(w) = 9*w + 2. Determine r(6).
56
Let u(g) = 17*g + 83. Determine u(-6).
-19
Let j(n) = 4*n - 5. What is j(-6)?
-29
Let i(a) = -a**2 - 28*a - 30. Calculate i(-26).
22
Let t(d) = d**3 + 14*d**2 - 12*d - 8. Give t(-15).
-53
Let g(i) = 7*i + 9. Calculate g(5).
44
Let d(r) = -r**2 + 18*r - 35. Give d(15).
10
Let u(w) = -w**3 + 3*w**2 + 27*w + 10. Determine u(7).
3
Let f(t) = -12*t**3 - t**2 - 3*t - 2. Give f(-1).
12
Let l(k) = k**3 - 2*k**2 - k + 7. What is l(2)?
5
Let i(o) = o**3 - 8*o**2 + 5*o - 12. Give i(8).
28
Let c(w) = -w**2 - 11*w + 15. Determine c(-12).
3
Let p(y) = 22*y + 121. Determine p(-6).
-11
Let w(p) = 2*p**2 - 8*p - 33. What is w(6)?
-9
Let d(k) = 22*k + 122. Calculate d(-5).
12
Let w(x) = x**2 - 3*x - 27. Calculate w(-5).
13
Let j(a) = -a**2 - 6*a + 86. Determine j(7).
-5
Let k(j) = j**3 - 3*j**2 + j - 18. Calculate k(5).
37
Let d(p) = p**3 + 4*p**2 + 3*p - 5. Give d(-4).
-17
Let o(s) = s**2 - 6*s + 2. What is o(5)?
-3
Let b(i) = -70*i**3 + i**2 - 3*i + 2. Calculate b(1).
-70
Let h(q) = -q**3 + 9*q**2 - 14*q + 57. Determine h(8).
9
Let p(i) = -2*i**3 - 12*i**2 + 11*i - 12. Calculate p(-7).
9
Let o(h) = 2*h**2 + 13*h + 8. Determine o(-5).
-7
Let v(l) = -42*l**3 - 3*l**2 - l + 2. What is v(-1)?
42
Let l(k) = 5*k**2 + 23*k + 2. Give l(-5).
12
Let p(b) = -b**3 + 16*b**2 - 33*b - 6. What is p(14)?
-76
Let x(h) = -4*h**2 + 29*h - 6. Determine x(7).
1
Let b(g) = -52*g + 48. Calculate b(3).
-108
Let g(s) = -6*s + 5. Determine g(-6).
41
Let c(p) = 28*p**3 - p**2 + p. Calculate c(1).
28
Let g(p) = -p**3 + 24*p**2 + 51*p + 9. Give g(26).
-17
Let j(x) = x**3 - 3*x**2 - 2. What is j(3)?
-2
Let r(i) = i**2 - 4*i - 9. What is r(5)?
-4
Let u(s) = 17*s**2 - s + 1. Calculate u(1).
17
Let z(r) = -4*r**2 - 19*r + 1. Calculate z(-6).
-29
Let h(o) = -6*o**2 - 17*o - 3. Give h(-5).
-68
Let h(z) = -14*z + 195. Give h(13).
13
Let k(g) = g**2 - 18*g - 43. What is k(21)?
20
Let b(p) = -p**2 - 22*p - 61. Give b(-7).
44
Let f(s) = s**3 - 5*s**2 + 3*s - 11. Determine f(4).
-15
Let a(u) = -36*u + 186. Give a(5).
6
Let i(k) = 2*k + 72. What is i(-34)?
4
Let u(q) = q - 21. Give u(3).
-18
Let n(f) = f**3 - 7*f**2 + 4*f + 1. Calculate n(6).
-11
Let r(z) = -z**3 + 13*z**2 - 13*z + 7. Calculate r(12).
-5
Let b(y) = -39*y + 28. Give b(1).
-11
Let k(x) = -x**2 + 4*x + 5. Give k(0).
5
Let o(c) = -c**2 - 13*c + 1. Give o(-13).
1
Let a(m) = -5*m - 39. Calculate a(-10).
11
Let l(z) = -z - 7. Give l(-14).
7
Let l(j) = -j**2 - 48*j - 396. Calculate l(-37).
11
Let a(d) = -d**2 - 19*d - 25. Calculate a(-18).
-7
Let l(x) = x**2 - 17*x + 17. Give l(16).
1
Let j(b) = -b**3 + b**2 + 17*b - 2. Calculate j(5).
-17
Let q(n) = n + 13. Calculate q(-13).
0
Let q(m) = 2*m**3 + 9*m**2 + 14*m + 9. Determine q(-3).
-6
Let g(q) = -2*q - 10. What is g(-7)?
4
Let u(o) = -o**3 + 10*o**2 - 15*o - 11. Give u(8).
-3
Let o(t) = -t**2 + 23*t - 96. Calculate o(6).
6
Let a(v) = v**3 + 9*v**2 + 6*v - 48. Give a(-7).
8
Let r(m) = 8*m - 9. Determine r(-6).
-57
Let p(f) = -f**2 - 10*f - 31. Give p(-6).
-7
Let r(c) = 10*c**2 - 209*c - 11. What i